97642. Calculate z(-35).
-12
Let f(g) = 23484*g + 211247. What is f(-9)?
-109
Let t(c) = 74954*c + 2998157. Give t(-40).
-3
Let d(b) = 130*b**2 + 2468*b + 71. What is d(-19)?
109
Let c(d) = -418*d - 52972. Determine c(-131).
1786
Let o(g) = g**3 - 180*g**2 - 5832*g - 208. Determine o(-28).
16
Let b(h) = -4*h + 487. Determine b(159).
-149
Let w(q) = 19*q**2 - 3939*q + 77461. Calculate w(22).
-1
Let m(u) = -u**2 - 777*u + 67743. Calculate m(81).
-1755
Let p(y) = -y**3 + 50*y**2 - 45*y - 5093. Determine p(45).
3007
Let q(h) = -59*h - 3757. What is q(-93)?
1730
Let z(p) = -p**2 - 35*p - 1062. Calculate z(-20).
-762
Let m(h) = -3*h**2 - 309*h - 360. Determine m(-102).
-54
Let t(f) = -6*f**3 - 160*f**2 + 49*f - 110. Determine t(-27).
25
Let h(y) = 21*y**3 + 213*y**2 + 323*y + 2934. Determine h(-10).
4
Let t(q) = -7*q**2 - 1494*q - 8918. What is t(-6)?
-206
Let p(x) = 33114*x - 7086390. Determine p(214).
6
Let q(n) = -534*n + 3307. Determine q(6).
103
Let s(t) = 955*t - 103235. Determine s(108).
-95
Let s(k) = -k**3 + 16*k**2 + 3354*k - 27345. What is s(8)?
-1
Let t(p) = -24*p**2 - 11*p + 77. What is t(-2)?
3
Let x(s) = 56*s**3 + s**2 + 120*s + 119. Give x(-1).
-56
Let n(w) = 9*w**3 + 29*w**2 + 9*w - 14. Give n(3).
517
Let n(q) = -29*q**2 + 2989*q - 213. What is n(103)?
-7
Let i(n) = 223*n - 2896. Calculate i(19).
1341
Let w(r) = 122142*r + 1465655. Determine w(-12).
-49
Let p(t) = 4*t**2 - 32*t + 51. Calculate p(5).
-9
Let z(d) = -3*d**2 + 761*d - 16772. Determine z(229).
174
Let b(j) = -j**2 - 69634*j - 1253065. Calculate b(-18).
23
Let g(f) = 2*f**3 - 301*f**2 + 2413*f + 525. Give g(142).
383
Let g(b) = -225753*b - 2708953. Calculate g(-12).
83
Let l(g) = 109*g**2 + 663*g + 1315. What is l(-2)?
425
Let z(n) = -22*n**2 + 199*n - 201. Calculate z(8).
-17
Let g(h) = 553112*h - 13274689. What is g(24)?
-1
Let x(n) = -19*n + 2173. Determine x(-169).
5384
Let r(q) = 18088*q - 343605. What is r(19)?
67
Let s(d) = -10*d**3 + 657*d**2 + 191*d + 446. Calculate s(66).
-16
Let w(g) = -g**3 - 826*g**2 + 2832*g + 1658121. Determine w(-827).
-14
Let l(f) = 1625*f + 4847. Determine l(-3).
-28
Let q(d) = 6*d**2 - 151*d - 6177. Calculate q(50).
1273
Let z(c) = -c**3 + 101*c**2 + 4934*c + 57. Determine z(-36).
-15
Let t(i) = -147944*i - 7101306. Determine t(-48).
6
Let w(q) = 408*q + 145. Determine w(-2).
-671
Let n(c) = -36*c**2 - 1901*c - 8610. What is n(-5)?
-5
Let k(q) = -3047*q + 21645. Determine k(7).
316
Let m(z) = -18066*z - 108416. Determine m(-6).
-20
Let g(z) = 366*z + 5135. Determine g(-21).
-2551
Let a(z) = 92*z**2 + 801*z - 803. Calculate a(1).
90
Let s(y) = -962*y + 82019. Calculate s(85).
249
Let s(d) = -10*d**2 + 7796*d + 322696. Give s(819).
10
Let w(p) = -46453*p + 4227246. Calculate w(91).
23
Let i(o) = -4627*o + 30564. Determine i(7).
-1825
Let d(b) = -b**3 + 351*b**2 - 1767*b + 137. Calculate d(5).
-48
Let g(n) = -2*n**3 + 14*n**2 + 251*n - 67. Determine g(14).
703
Let o(m) = -102*m**2 + 63*m + 327. Calculate o(-4).
-1557
Let y(i) = -388*i**2 - 2101*i + 42. Calculate y(-5).
847
Let i(u) = u**2 - 2810*u + 28003. Calculate i(10).
3
Let m(t) = 2*t**3 + 1193*t**2 - 6121*t + 301596. What is m(-602)?
-6
Let j(y) = 291108*y + 873319. What is j(-3)?
-5
Let j(m) = 810*m + 78577. Determine j(-97).
7
Let i(m) = -363*m - 14720. Determine i(-40).
-200
Let o(w) = -142*w - 1553. Determine o(-10).
-133
Let j(n) = 10*n**3 - 1989*n**2 + 109*n - 61295. Give j(199).
-3
Let p(g) = g**2 + 152801*g - 3209253. Give p(21).
9
Let q(j) = 551*j - 84209. What is q(153)?
94
Let j(v) = -63*v + 9672. Calculate j(214).
-3810
Let x(c) = -7921*c - 1544597. Determine x(-195).
-2
Let a(o) = o**3 - 207*o**2 - 11903*o + 1633. Give a(-47).
-12
Let v(o) = -123*o + 15148. Determine v(125).
-227
Let d(y) = -6*y**2 - 944*y + 20884. Calculate d(-177).
-2
Let t(u) = -18*u**3 - 4*u**2 + 53*u - 148. Determine t(3).
-511
Let j(q) = q**3 - 549*q**2 - 2225*q - 37. What is j(-4)?
15
Let c(s) = 49*s**3 + 4*s**2 + 4*s + 16. Calculate c(-3).
-1283
Let d(u) = 2*u**3 + 80*u**2 - 426*u + 164. Calculate d(-45).
-916
Let r(q) = -2045*q - 32616. Determine r(-16).
104
Let d(t) = 9*t**3 + 3199*t**2 + 1374*t - 16337. Determine d(-355).
-7
Let x(q) = 9*q**3 - 295*q**2 - 100*q - 39. Determine x(33).
-1161
Let h(y) = 63*y**3 - 504*y**2 + 12*y - 141. What is h(8)?
-45
Let y(z) = -z**3 + 48*z**2 - 374*z + 18422. Calculate y(48).
470
Let s(c) = -237*c - 5684. Give s(-27).
715
Let f(m) = m**3 - 292*m**2 - 2549*m + 44704. Give f(300).
4
Let a(m) = 643*m**2 + 44*m - 13. Calculate a(2).
2647
Let i(g) = -5077631*g + 71086841. Calculate i(14).
7
Let v(n) = n**3 - 50*n**2 + 419*n + 146. Calculate v(39).
-244
Let u(j) = 417*j + 3762. Calculate u(-9).
9
Let z(w) = -2*w**3 + 63*w**2 - 267*w - 2853. What is z(23)?
-1
Let h(w) = -33*w**3 + 167*w**2 - 3*w - 24. What is h(5)?
11
Let w(s) = -10066*s - 69833. Calculate w(-7).
629
Let v(b) = -5*b**2 - 6372*b - 25504. Determine v(-4).
-96
Let h(u) = u**2 - 548*u + 64122. Determine h(384).
1146
Let m(s) = -1563*s - 56990. Determine m(-36).
-722
Let n(i) = -i**3 + 191*i**2 - 8566*i - 245. What is n(119)?
-7
Let q(o) = -55140*o + 165458. What is q(3)?
38
Let z(k) = 3775*k**2 + 509625*k - 27. Calculate z(-135).
-27
Let g(t) = -t**3 + 30*t**2 - 1472*t + 47240. What is g(32)?
-1912
Let r(t) = 3*t**3 - 212*t**2 - 78*t + 274. Give r(71).
-223
Let g(n) = -n**2 + 44*n + 193. Calculate g(34).
533
Let y(k) = 22*k**3 - 14*k**2 - 55*k - 86. Determine y(-2).
-208
Let o(y) = -y**3 + 19*y**2 - 1067*y + 21830. Calculate o(20).
90
Let q(y) = 619978*y + 1859956. Calculate q(-3).
22
Let d(u) = -13*u**2 + 335*u - 52. Give d(25).
198
Let j(d) = -658*d - 5273. Determine j(-8).
-9
Let y(c) = -1554*c + 639. Determine y(0).
639
Let d(q) = q**3 - 2*q**2 + 118*q + 448. Calculate d(-5).
-317
Let n(d) = d**3 + 33*d**2 + 252*d + 42. Determine n(-13).
146
Let i(l) = 2*l**3 + 25*l**2 - 63*l - 1119. Determine i(-9).
15
Let r(u) = -56*u**2 + 216*u + 1043. Calculate r(-5).
-1437
Let f(j) = 69*j**2 - 16*j - 233. Calculate f(2).
11
Let i(q) = 40*q**3 + 34*q**2 - 23*q - 25. Determine i(-1).
-8
Let k(a) = -395*a - 1445. Give k(-4).
135
Let u(x) = -16*x**2 - 11*x - 53. Give u(8).
-1165
Let k(f) = 4*f**2 + 154*f - 24606. Determine k(-100).
-6
Let o(s) = 3*s**3 + 26*s**2 - 18508*s + 11542. Calculate o(74).
-2
Let p(u) = -147333*u + 294711. Calculate p(2).
45
Let t(r) = 4*r**2 - 110*r + 206. Determine t(0).
206
Let h(k) = 50846*k - 1271152. What is h(25)?
-2
Let d(h) = 2*h**3 + 822*h**2 + 63854*h - 618. Determine d(-307).
-4
Let x(i) = 2*i**3 - 113*i**2 - 424*i + 272. Determine x(60).
32
Let s(o) = 267893*o - 4286284. Give s(16).
4
Let m(y) = -2*y**3 + 232*y**2 - 1564*y + 16. Calculate m(7).
-250
Let z(w) = -1709*w**2 + 61526*w - 106. Calculate z(36).
-34
Let k(a) = a**3 - 590*a**2 + 87044*a - 6743. Determine k(293).
-4
Let j(m) = -m**2 - 58*m + 313. Calculate j(-62).
65
Let n(p) = 8*p**2 + 16*p + 48. Give n(0).
48
Let j(i) = 625*i - 2528. Determine j(5).
597
Let a(y) = -2*y**3 + 143*y**2 - 322*y - 1591. Calculate a(69).
-4
Let o(m) = 578*m + 101757. Calculate o(-176).
29
Let r(o) = 4643*o - 30205. Give r(6).
-2347
Let m(t) = -642*t - 50067. What is m(-78)?
9
Let n(x) = 7515*x - 4223439. Give n(562).
-9
Let s(y) = -y**3 - 13*y**2 - 168*y - 2348. Give s(-13).
-164
Let a(k) = -10*k**2 + 1454*k + 29403. What is a(-18)?
-9
Let a(u) = -331*u + 8810. What is a(25)?
535
Let l(c) = c**3 - 18*c**2 + 85*c - 1068. Calculate l(16).
-220
Let a(l) = -5*l**2 + 61*l - 264. What is a(4)?
-100
Let r(l) = l**2 + 5170*l - 1733586. Give r(316).
-10
Let r(o) = 5*o**3 - 216*o**2 - 393*o + 18747. Determine r(43).
-1
Let r(k) = 36*k**3 + 341*k**2 - 351*k + 3. What is r(1)?
29
Let k(z) = 401*z**2 - 5625*z + 159. Determine k(14).
5
Let w(l) = 771*l**3 - 94*l**2 + 93*l. What is w(1)?
770
Let n(f) = -f**2 + 905*f - 187310. Calculate n(585).
-110
Let q(m) = 2721*m + 759166. Determine q(-279).
7
Let p(q) = -3744*q + 14185. What is p(4)?
-791
Let l(k) = 7*k**2 + 182*k - 43. Determine l(-27).
146
Let k(c) = -3*c**3 - 44*c**2 - 119*c - 230. Calculate k(-12).
46
Let p(o) = 26226*o - 865444. Give p(33).
14
Let m(b) = -334*b**2 - 14711*b + 51. Give m(-44).
711
Let v(t) = -5*t**3 + 2192*t**2 - 835*t - 17949. Calculate v(438).
9
Let a(p) = 869*p - 130. Deter